{"id":1796,"date":"2025-04-01T19:01:42","date_gmt":"2025-04-01T10:01:42","guid":{"rendered":"https:\/\/selected-japanese-swords.com\/?page_id=1796"},"modified":"2026-03-24T17:13:26","modified_gmt":"2026-03-24T08:13:26","slug":"sharpness-of-katana","status":"publish","type":"page","link":"https:\/\/selected-japanese-swords.com\/ifu-fr\/sharpness-of-katana\/","title":{"rendered":"Le Myst\u00e8re du Tranchant du Katana Authentique"},"content":{"rendered":"\n<div class=\"wp-block-cover\"><img fetchpriority=\"high\" decoding=\"async\" width=\"1024\" height=\"683\" class=\"wp-block-cover__image-background wp-image-4070\" alt=\"\" src=\"https:\/\/selected-japanese-swords.com\/ifu-fr\/wp-content\/uploads\/2025\/07\/mistery-of-sharpness-1024x683.png\" data-object-fit=\"cover\" srcset=\"https:\/\/selected-japanese-swords.com\/ifu-fr\/wp-content\/uploads\/2025\/07\/mistery-of-sharpness-1024x683.png 1024w, https:\/\/selected-japanese-swords.com\/ifu-fr\/wp-content\/uploads\/2025\/07\/mistery-of-sharpness-300x200.png 300w, https:\/\/selected-japanese-swords.com\/ifu-fr\/wp-content\/uploads\/2025\/07\/mistery-of-sharpness-768x512.png 768w, https:\/\/selected-japanese-swords.com\/ifu-fr\/wp-content\/uploads\/2025\/07\/mistery-of-sharpness-1200x800.png 1200w, https:\/\/selected-japanese-swords.com\/ifu-fr\/wp-content\/uploads\/2025\/07\/mistery-of-sharpness.png 1536w\" sizes=\"(max-width: 1024px) 100vw, 1024px\" \/><span aria-hidden=\"true\" class=\"wp-block-cover__background has-background-dim\"><\/span><div class=\"wp-block-cover__inner-container is-layout-flow wp-block-cover-is-layout-flow\">\n<p class=\"has-text-align-center has-large-font-size\">Le Myst\u00e8re du Tranchant du Katana Authentique<\/p>\n<\/div><\/div>\n\n\n\n<p><br><br><\/p>\n\n\n\n<p>La plupart des gens ont un jour utilis\u00e9 une lame pour couper quelque chose.<\/p>\n\n\n\n<p>Pourtant, tr\u00e8s peu comprennent v\u00e9ritablement les principes physiques qui r\u00e9gissent la fa\u00e7on dont une lame coupe r\u00e9ellement.<\/p>\n\n\n\n<p>Il en va de m\u00eame pour la notion de tranchant.<\/p>\n\n\n\n<p>On dit souvent : \u00ab Ce couteau de cuisine coupe bien \u00bb ou \u00ab Ces ciseaux ne coupent pas proprement \u00bb, mais rares sont ceux qui peuvent expliquer <em>pourquoi<\/em> ils se comportent ainsi.<\/p>\n\n\n\n<p>Le tranchant a traditionnellement \u00e9t\u00e9 trait\u00e9 comme une question de ressenti \u2014 quelque chose de subjectif et de difficile \u00e0 d\u00e9finir.<\/p>\n\n\n\n<p>C&#8217;est pr\u00e9cis\u00e9ment pourquoi, dans cet article, nous souhaitons explorer la <em>science<\/em> du tranchant, et examiner ce qui rend le sabre japonais v\u00e9ritablement exceptionnel.<\/p>\n\n\n\n<p><br><\/p>\n\n\n\n<h2 class=\"wp-block-heading\">Qu&#8217;est-ce qui D\u00e9termine le Tranchant ? Explorer la Th\u00e9orie de la Coupe<\/h2>\n\n\n\n<h3 class=\"wp-block-heading\">Deux Fa\u00e7ons de Couper un Objet<\/h3>\n\n\n\n<p>Lorsque l&#8217;on parle de \u00ab couper \u00bb quelque chose, il existe fondamentalement deux techniques distinctes : la <strong>coupe par pression<\/strong> et la <strong>coupe par glissement<\/strong>.<\/p>\n\n\n\n<p>La coupe par pression est une m\u00e9thode simple : il s&#8217;agit d&#8217;appuyer directement la lame sur le mat\u00e9riau.<\/p>\n\n\n\n<p>La coupe par glissement, en revanche, consiste \u00e0 presser d&#8217;abord la lame contre le mat\u00e9riau, puis \u00e0 la faire glisser horizontalement tout en maintenant le contact.<\/p>\n\n\n\n<p>Quiconque a utilis\u00e9 un couteau sait par exp\u00e9rience que ce mouvement de glissement facilite consid\u00e9rablement la coupe.<\/p>\n\n\n\n<p><br><\/p>\n\n\n<div class=\"wp-block-image\">\n<figure class=\"aligncenter size-full\"><img decoding=\"async\" width=\"498\" height=\"413\" src=\"https:\/\/selected-japanese-swords.com\/ifu-fr\/wp-content\/uploads\/2025\/04\/sk-sharpness2.png\" alt=\"\" class=\"wp-image-1890\" srcset=\"https:\/\/selected-japanese-swords.com\/ifu-fr\/wp-content\/uploads\/2025\/04\/sk-sharpness2.png 498w, https:\/\/selected-japanese-swords.com\/ifu-fr\/wp-content\/uploads\/2025\/04\/sk-sharpness2-300x249.png 300w, https:\/\/selected-japanese-swords.com\/ifu-fr\/wp-content\/uploads\/2025\/04\/sk-sharpness2-454x377.png 454w\" sizes=\"(max-width: 498px) 100vw, 498px\" \/><figcaption class=\"wp-element-caption\">Kenichi Kanazawa(2004). Tribology in Cutting Ability of Knife<\/figcaption><\/figure>\n<\/div>\n\n\n<p><br><\/p>\n\n\n\n<p>Ce graphique illustre la relation entre la force de coupe et la distance lors de la d\u00e9coupe d&#8217;une patate douce avec un couteau de cuisine.<\/p>\n\n\n\n<p>Par rapport \u00e0 la <strong>coupe par pression<\/strong>, le mouvement de glissement (entre les points A et B dans la <strong>coupe par glissement<\/strong>) r\u00e9duit consid\u00e9rablement la force n\u00e9cessaire pour effectuer la coupe.<\/p>\n\n\n\n<p>Bien que la r\u00e9duction exacte de la force varie selon le mat\u00e9riau, des \u00e9tudes ont montr\u00e9 que <strong>la coupe par glissement ne requiert que 1\/10 \u00e0 1\/20 de la force n\u00e9cessaire pour la coupe par pression<\/strong>.<\/p>\n\n\n\n<p><br><\/p>\n\n\n\n<h3 class=\"wp-block-heading\">La Relation Entre la Vitesse de Coupe et la Force de Coupe<\/h3>\n\n\n\n<p>Int\u00e9ressons-nous maintenant \u00e0 la relation entre la <strong>vitesse de coupe<\/strong> et la <strong>force de coupe<\/strong>.<\/p>\n\n\n\n<p>La conclusion peut sembler famili\u00e8re : <strong>plus on coupe vite, plus il devient facile de trancher le mat\u00e9riau<\/strong>.<\/p>\n\n\n\n<p><br><\/p>\n\n\n<div class=\"wp-block-image\">\n<figure class=\"aligncenter size-full\"><img decoding=\"async\" width=\"647\" height=\"470\" src=\"https:\/\/selected-japanese-swords.com\/ifu-fr\/wp-content\/uploads\/2025\/04\/sk-sharpness3.png\" alt=\"\" class=\"wp-image-1906\" srcset=\"https:\/\/selected-japanese-swords.com\/ifu-fr\/wp-content\/uploads\/2025\/04\/sk-sharpness3.png 647w, https:\/\/selected-japanese-swords.com\/ifu-fr\/wp-content\/uploads\/2025\/04\/sk-sharpness3-300x218.png 300w, https:\/\/selected-japanese-swords.com\/ifu-fr\/wp-content\/uploads\/2025\/04\/sk-sharpness3-454x330.png 454w\" sizes=\"(max-width: 647px) 100vw, 647px\" \/><figcaption class=\"wp-element-caption\">Kenichi KANAZAWA, Li Ying, SHI In and Chikahide KOIZUMI (1996). Study on Cutting by a Knife-edged Cutter (1st Report)<\/figcaption><\/figure>\n<\/div>\n\n\n<p>Ce graphique pr\u00e9sente les r\u00e9sultats de tests de coupe effectu\u00e9s \u00e0 diff\u00e9rentes vitesses.<\/p>\n\n\n\n<p>\u00c0 mesure que la vitesse augmente, la force de coupe n\u00e9cessaire diminue clairement.<\/p>\n\n\n\n<p>La raison en est que <strong>des vitesses de coupe plus \u00e9lev\u00e9es r\u00e9duisent la zone de d\u00e9formation au voisinage de la zone de contact entre la lame et le mat\u00e9riau<\/strong>.<\/p>\n\n\n\n<p>En combinant la <strong>coupe par glissement<\/strong> et une <strong>vitesse de coupe \u00e9lev\u00e9e<\/strong>, il devient possible de trancher des mat\u00e9riaux qui seraient autrement difficiles \u00e0 couper.<\/p>\n\n\n\n<p>Par exemple, lors des d\u00e9monstrations d&#8217;arts martiaux o\u00f9 des ma\u00eetres utilisent des sabres japonais pour trancher des <em>makiwara<\/em> (nattes de paille enroul\u00e9es), c&#8217;est l&#8217;alliance parfaite de la vitesse et de la pr\u00e9cision qui permet une coupe nette. C&#8217;est une illustration concr\u00e8te de ce principe.<\/p>\n\n\n\n<p><br><\/p>\n\n\n\n<h3 class=\"wp-block-heading\">Qu&#8217;est-ce qui D\u00e9termine <em>Vraiment<\/em> le Tranchant ?<\/h3>\n\n\n\n<p>Alors \u2014 <strong>qu&#8217;est-ce qui d\u00e9termine pr\u00e9cis\u00e9ment le tranchant d&#8217;une lame comme le Katana ?<\/strong><\/p>\n\n\n\n<p>Entrons enfin dans le vif du sujet.<\/p>\n\n\n\n<p>Lorsqu&#8217;un mat\u00e9riau est tranch\u00e9, que se passe-t-il r\u00e9ellement au moment de la coupe ?<\/p>\n\n\n\n<p>Nous pouvons commencer \u00e0 le comprendre en examinant un <strong>mod\u00e8le m\u00e9canique<\/strong> simplifi\u00e9 du processus de glissement.<\/p>\n\n\n\n<p><br><\/p>\n\n\n\n<figure class=\"wp-block-image size-full\"><img loading=\"lazy\" decoding=\"async\" width=\"1206\" height=\"562\" src=\"https:\/\/selected-japanese-swords.com\/ifu-fr\/wp-content\/uploads\/2025\/04\/Figure1.png\" alt=\"\" class=\"wp-image-1825\" srcset=\"https:\/\/selected-japanese-swords.com\/ifu-fr\/wp-content\/uploads\/2025\/04\/Figure1.png 1206w, https:\/\/selected-japanese-swords.com\/ifu-fr\/wp-content\/uploads\/2025\/04\/Figure1-1200x559.png 1200w, https:\/\/selected-japanese-swords.com\/ifu-fr\/wp-content\/uploads\/2025\/04\/Figure1-300x140.png 300w, https:\/\/selected-japanese-swords.com\/ifu-fr\/wp-content\/uploads\/2025\/04\/Figure1-1024x477.png 1024w, https:\/\/selected-japanese-swords.com\/ifu-fr\/wp-content\/uploads\/2025\/04\/Figure1-768x358.png 768w\" sizes=\"(max-width: 1206px) 100vw, 1206px\" \/><figcaption class=\"wp-element-caption\">Kenichi Kanazawa(2004). Tribology in Cutting Ability of Knife<\/figcaption><\/figure>\n\n\n\n<p><br><\/p>\n\n\n\n<p>Tout d&#8217;abord, la lame est press\u00e9e contre le mat\u00e9riau, g\u00e9n\u00e9rant (1) une <em>force de coupe<\/em>. Ensuite, lorsque la lame glisse vers l&#8217;avant, (2) une <em>force de frottement<\/em> appara\u00eet au point de contact entre la lame et le mat\u00e9riau. Ces deux contraintes combin\u00e9es produisent une importante (3) <em>force de s\u00e9paration<\/em> perpendiculaire \u00e0 la surface de coupe. Lorsque cette contrainte de traction d\u00e9passe la r\u00e9sistance \u00e0 la traction du mat\u00e9riau, ce dernier se s\u00e9pare.<\/p>\n\n\n\n<p><br><\/p>\n\n\n\n<p>En d&#8217;autres termes, la coupe n&#8217;est pas simplement le r\u00e9sultat d&#8217;une s\u00e9paration forc\u00e9e du mat\u00e9riau par un tranchant ac\u00e9r\u00e9 \u2014 c&#8217;est au contraire un ph\u00e9nom\u00e8ne o\u00f9 <strong>le mat\u00e9riau \u00ab choisit de se s\u00e9parer \u00bb<\/strong> parce que la force de s\u00e9paration interne d\u00e9passe sa propre r\u00e9sistance.<\/p>\n\n\n\n<p><br><\/p>\n\n\n\n<p>Comme nous l&#8217;avons vu, le <strong>coefficient de frottement<\/strong> est en r\u00e9alit\u00e9 plus d\u00e9terminant pour le tranchant que l&#8217;acuit\u00e9 du fil lui-m\u00eame. Il pourrait sembler, \u00e0 la lecture de cela, que la finesse du tranchant n&#8217;a pas d&#8217;importance \u2014 mais ce n&#8217;est pas tout \u00e0 fait exact. Un tranchant plus fin am\u00e9liore effectivement l&#8217;exp\u00e9rience de coupe, car il r\u00e9duit la zone de d\u00e9formation et n\u00e9cessite donc moins de force pour obtenir le m\u00eame r\u00e9sultat.<\/p>\n\n\n\n<p><br><br><br><\/p>\n\n\n\n<h2 class=\"wp-block-heading\">R\u00e9f\u00e9rences<\/h2>\n\n\n\n<p>Takashi KAMOSHITA, Hiroshi YANO, Kenichi TANAKA (1979). Quantification of Sensuous Sharpness of Kitchen Knives<\/p>\n\n\n\n<p id=\"block-8401b015-9519-4d2e-92b5-77cd6d8cce6d\">Kenichi KANAZAWA, Li Ying, SHI In and Chikahide KOIZUMI (1996). Study on Cutting by a Knife-edged Cutter (1st Report)<\/p>\n\n\n\n<p>Takekazu Taguchi (1999). Why Knives can Cut<\/p>\n\n\n\n<p>Kenichi Kanazawa(2004). Tribology in Cutting Ability of Knife<\/p>\n\n\n\n<p><\/p>\n","protected":false},"excerpt":{"rendered":"<p>La plupart des gens ont un jour utilis\u00e9 une lame pour couper quelque chose. Pourtant, tr\u00e8s peu comprennent v\u00e9ritablement les principes physiques qui r\u00e9gissent la fa\u00e7on dont une lame coupe r\u00e9ellement. Il en va de m\u00eame pour la notion de tranchant. On dit souvent : \u00ab Ce couteau de cuisine coupe bien \u00bb ou \u00ab [&hellip;]<\/p>\n","protected":false},"author":1,"featured_media":0,"parent":0,"menu_order":0,"comment_status":"closed","ping_status":"closed","template":"","meta":{"ocean_post_layout":"","ocean_both_sidebars_style":"","ocean_both_sidebars_content_width":0,"ocean_both_sidebars_sidebars_width":0,"ocean_sidebar":"","ocean_second_sidebar":"","ocean_disable_margins":"enable","ocean_add_body_class":"","ocean_shortcode_before_top_bar":"","ocean_shortcode_after_top_bar":"","ocean_shortcode_before_header":"","ocean_shortcode_after_header":"","ocean_has_shortcode":"","ocean_shortcode_after_title":"","ocean_shortcode_before_footer_widgets":"","ocean_shortcode_after_footer_widgets":"","ocean_shortcode_before_footer_bottom":"","ocean_shortcode_after_footer_bottom":"","ocean_display_top_bar":"default","ocean_display_header":"default","ocean_header_style":"","ocean_center_header_left_menu":"","ocean_custom_header_template":"","ocean_custom_logo":0,"ocean_custom_retina_logo":0,"ocean_custom_logo_max_width":0,"ocean_custom_logo_tablet_max_width":0,"ocean_custom_logo_mobile_max_width":0,"ocean_custom_logo_max_height":0,"ocean_custom_logo_tablet_max_height":0,"ocean_custom_logo_mobile_max_height":0,"ocean_header_custom_menu":"","ocean_menu_typo_font_family":"","ocean_menu_typo_font_subset":"","ocean_menu_typo_font_size":0,"ocean_menu_typo_font_size_tablet":0,"ocean_menu_typo_font_size_mobile":0,"ocean_menu_typo_font_size_unit":"px","ocean_menu_typo_font_weight":"","ocean_menu_typo_font_weight_tablet":"","ocean_menu_typo_font_weight_mobile":"","ocean_menu_typo_transform":"","ocean_menu_typo_transform_tablet":"","ocean_menu_typo_transform_mobile":"","ocean_menu_typo_line_height":0,"ocean_menu_typo_line_height_tablet":0,"ocean_menu_typo_line_height_mobile":0,"ocean_menu_typo_line_height_unit":"","ocean_menu_typo_spacing":0,"ocean_menu_typo_spacing_tablet":0,"ocean_menu_typo_spacing_mobile":0,"ocean_menu_typo_spacing_unit":"","ocean_menu_link_color":"","ocean_menu_link_color_hover":"","ocean_menu_link_color_active":"","ocean_menu_link_background":"","ocean_menu_link_hover_background":"","ocean_menu_link_active_background":"","ocean_menu_social_links_bg":"","ocean_menu_social_hover_links_bg":"","ocean_menu_social_links_color":"","ocean_menu_social_hover_links_color":"","ocean_disable_title":"default","ocean_disable_heading":"default","ocean_post_title":"","ocean_post_subheading":"","ocean_post_title_style":"","ocean_post_title_background_color":"","ocean_post_title_background":0,"ocean_post_title_bg_image_position":"","ocean_post_title_bg_image_attachment":"","ocean_post_title_bg_image_repeat":"","ocean_post_title_bg_image_size":"","ocean_post_title_height":0,"ocean_post_title_bg_overlay":0.5,"ocean_post_title_bg_overlay_color":"","ocean_disable_breadcrumbs":"default","ocean_breadcrumbs_color":"","ocean_breadcrumbs_separator_color":"","ocean_breadcrumbs_links_color":"","ocean_breadcrumbs_links_hover_color":"","ocean_display_footer_widgets":"default","ocean_display_footer_bottom":"default","ocean_custom_footer_template":"","omw_enable_modal_window":"enable","ofc_meta_disable_footer_callout":"","ofc_meta_callout_button_url":"","ofc_meta_callout_button_txt":"","ofc_meta_callout_text":"","osh_disable_topbar_sticky":"default","osh_disable_header_sticky":"default","osh_sticky_header_style":"default","osh_sticky_header_effect":"","osh_custom_sticky_logo":0,"osh_custom_retina_sticky_logo":0,"osh_custom_sticky_logo_height":0,"osh_background_color":"","osh_links_color":"","osh_links_hover_color":"","osh_links_active_color":"","osh_links_bg_color":"","osh_links_hover_bg_color":"","osh_links_active_bg_color":"","osh_menu_social_links_color":"","osh_menu_social_hover_links_color":"","footnotes":""},"class_list":["post-1796","page","type-page","status-publish","hentry","entry","owp-thumbs-layout-horizontal","owp-btn-big","owp-tabs-layout-horizontal","has-no-thumbnails","has-product-nav"],"yoast_head":"<!-- This site is optimized with the Yoast SEO plugin v27.3 - https:\/\/yoast.com\/product\/yoast-seo-wordpress\/ -->\n<title>Le Myst\u00e8re du Tranchant du Katana Authentique - \u5a01\u98a8 Ifu - The Authentic Katana<\/title>\n<meta name=\"robots\" content=\"index, follow, max-snippet:-1, max-image-preview:large, max-video-preview:-1\" \/>\n<link rel=\"canonical\" href=\"https:\/\/selected-japanese-swords.com\/ifu-fr\/sharpness-of-katana\/\" \/>\n<meta property=\"og:locale\" content=\"en_US\" \/>\n<meta property=\"og:type\" content=\"article\" \/>\n<meta property=\"og:title\" content=\"Le Myst\u00e8re du Tranchant du Katana Authentique - \u5a01\u98a8 Ifu - The Authentic Katana\" \/>\n<meta property=\"og:description\" content=\"La plupart des gens ont un jour utilis\u00e9 une lame pour couper quelque chose. Pourtant, tr\u00e8s peu comprennent v\u00e9ritablement les principes physiques qui r\u00e9gissent la fa\u00e7on dont une lame coupe r\u00e9ellement. Il en va de m\u00eame pour la notion de tranchant. On dit souvent : \u00ab Ce couteau de cuisine coupe bien \u00bb ou \u00ab [&hellip;]\" \/>\n<meta property=\"og:url\" content=\"https:\/\/selected-japanese-swords.com\/ifu-fr\/sharpness-of-katana\/\" \/>\n<meta property=\"og:site_name\" content=\"\u5a01\u98a8 Ifu - The Authentic Katana\" \/>\n<meta property=\"article:publisher\" content=\"https:\/\/www.facebook.com\/people\/Ifu-The-Authentic-Katana\/61579072987458\/\" \/>\n<meta property=\"article:modified_time\" content=\"2026-03-24T08:13:26+00:00\" \/>\n<meta property=\"og:image\" content=\"https:\/\/selected-japanese-swords.com\/ifu-fr\/wp-content\/uploads\/2025\/07\/mistery-of-sharpness-1024x683.png\" \/>\n\t<meta property=\"og:image:width\" content=\"1024\" \/>\n\t<meta property=\"og:image:height\" content=\"683\" \/>\n\t<meta property=\"og:image:type\" content=\"image\/png\" \/>\n<meta name=\"twitter:card\" content=\"summary_large_image\" \/>\n<meta name=\"twitter:label1\" content=\"Est. reading time\" \/>\n\t<meta name=\"twitter:data1\" content=\"4 minutes\" \/>\n<script type=\"application\/ld+json\" class=\"yoast-schema-graph\">{\"@context\":\"https:\\\/\\\/schema.org\",\"@graph\":[{\"@type\":\"WebPage\",\"@id\":\"https:\\\/\\\/selected-japanese-swords.com\\\/ifu-fr\\\/sharpness-of-katana\\\/\",\"url\":\"https:\\\/\\\/selected-japanese-swords.com\\\/ifu-fr\\\/sharpness-of-katana\\\/\",\"name\":\"Le Myst\u00e8re du Tranchant du Katana Authentique - \u5a01\u98a8 Ifu - The Authentic Katana\",\"isPartOf\":{\"@id\":\"https:\\\/\\\/selected-japanese-swords.com\\\/ifu-fr\\\/#website\"},\"primaryImageOfPage\":{\"@id\":\"https:\\\/\\\/selected-japanese-swords.com\\\/ifu-fr\\\/sharpness-of-katana\\\/#primaryimage\"},\"image\":{\"@id\":\"https:\\\/\\\/selected-japanese-swords.com\\\/ifu-fr\\\/sharpness-of-katana\\\/#primaryimage\"},\"thumbnailUrl\":\"https:\\\/\\\/selected-japanese-swords.com\\\/ifu-fr\\\/wp-content\\\/uploads\\\/2025\\\/07\\\/mistery-of-sharpness-1024x683.png\",\"datePublished\":\"2025-04-01T10:01:42+00:00\",\"dateModified\":\"2026-03-24T08:13:26+00:00\",\"breadcrumb\":{\"@id\":\"https:\\\/\\\/selected-japanese-swords.com\\\/ifu-fr\\\/sharpness-of-katana\\\/#breadcrumb\"},\"inLanguage\":\"en-US\",\"potentialAction\":[{\"@type\":\"ReadAction\",\"target\":[\"https:\\\/\\\/selected-japanese-swords.com\\\/ifu-fr\\\/sharpness-of-katana\\\/\"]}]},{\"@type\":\"ImageObject\",\"inLanguage\":\"en-US\",\"@id\":\"https:\\\/\\\/selected-japanese-swords.com\\\/ifu-fr\\\/sharpness-of-katana\\\/#primaryimage\",\"url\":\"https:\\\/\\\/selected-japanese-swords.com\\\/ifu-fr\\\/wp-content\\\/uploads\\\/2025\\\/07\\\/mistery-of-sharpness.png\",\"contentUrl\":\"https:\\\/\\\/selected-japanese-swords.com\\\/ifu-fr\\\/wp-content\\\/uploads\\\/2025\\\/07\\\/mistery-of-sharpness.png\",\"width\":1536,\"height\":1024},{\"@type\":\"BreadcrumbList\",\"@id\":\"https:\\\/\\\/selected-japanese-swords.com\\\/ifu-fr\\\/sharpness-of-katana\\\/#breadcrumb\",\"itemListElement\":[{\"@type\":\"ListItem\",\"position\":1,\"name\":\"Home\",\"item\":\"https:\\\/\\\/selected-japanese-swords.com\\\/ifu-fr\\\/\"},{\"@type\":\"ListItem\",\"position\":2,\"name\":\"Le Myst\u00e8re du Tranchant du Katana Authentique\"}]},{\"@type\":\"WebSite\",\"@id\":\"https:\\\/\\\/selected-japanese-swords.com\\\/ifu-fr\\\/#website\",\"url\":\"https:\\\/\\\/selected-japanese-swords.com\\\/ifu-fr\\\/\",\"name\":\"\u5a01\u98a8 Ifu - The Authentic Katana\",\"description\":\"real antique katana from Japan\",\"publisher\":{\"@id\":\"https:\\\/\\\/selected-japanese-swords.com\\\/ifu-fr\\\/#organization\"},\"potentialAction\":[{\"@type\":\"SearchAction\",\"target\":{\"@type\":\"EntryPoint\",\"urlTemplate\":\"https:\\\/\\\/selected-japanese-swords.com\\\/ifu-fr\\\/?s={search_term_string}\"},\"query-input\":{\"@type\":\"PropertyValueSpecification\",\"valueRequired\":true,\"valueName\":\"search_term_string\"}}],\"inLanguage\":\"en-US\"},{\"@type\":\"Organization\",\"@id\":\"https:\\\/\\\/selected-japanese-swords.com\\\/ifu-fr\\\/#organization\",\"name\":\"\u5a01\u98a8 Ifu\",\"url\":\"https:\\\/\\\/selected-japanese-swords.com\\\/ifu-fr\\\/\",\"logo\":{\"@type\":\"ImageObject\",\"inLanguage\":\"en-US\",\"@id\":\"https:\\\/\\\/selected-japanese-swords.com\\\/ifu-fr\\\/#\\\/schema\\\/logo\\\/image\\\/\",\"url\":\"https:\\\/\\\/selected-japanese-swords.com\\\/ifu-fr\\\/wp-content\\\/uploads\\\/2025\\\/12\\\/logo-yoko2-badk.png\",\"contentUrl\":\"https:\\\/\\\/selected-japanese-swords.com\\\/ifu-fr\\\/wp-content\\\/uploads\\\/2025\\\/12\\\/logo-yoko2-badk.png\",\"width\":800,\"height\":200,\"caption\":\"\u5a01\u98a8 Ifu\"},\"image\":{\"@id\":\"https:\\\/\\\/selected-japanese-swords.com\\\/ifu-fr\\\/#\\\/schema\\\/logo\\\/image\\\/\"},\"sameAs\":[\"https:\\\/\\\/www.facebook.com\\\/people\\\/Ifu-The-Authentic-Katana\\\/61579072987458\\\/\",\"https:\\\/\\\/www.instagram.com\\\/ifu_the_authentic_katana\\\/\"]}]}<\/script>\n<!-- \/ Yoast SEO plugin. -->","yoast_head_json":{"title":"Le Myst\u00e8re du Tranchant du Katana Authentique - \u5a01\u98a8 Ifu - The Authentic Katana","robots":{"index":"index","follow":"follow","max-snippet":"max-snippet:-1","max-image-preview":"max-image-preview:large","max-video-preview":"max-video-preview:-1"},"canonical":"https:\/\/selected-japanese-swords.com\/ifu-fr\/sharpness-of-katana\/","og_locale":"en_US","og_type":"article","og_title":"Le Myst\u00e8re du Tranchant du Katana Authentique - \u5a01\u98a8 Ifu - The Authentic Katana","og_description":"La plupart des gens ont un jour utilis\u00e9 une lame pour couper quelque chose. Pourtant, tr\u00e8s peu comprennent v\u00e9ritablement les principes physiques qui r\u00e9gissent la fa\u00e7on dont une lame coupe r\u00e9ellement. Il en va de m\u00eame pour la notion de tranchant. On dit souvent : \u00ab Ce couteau de cuisine coupe bien \u00bb ou \u00ab [&hellip;]","og_url":"https:\/\/selected-japanese-swords.com\/ifu-fr\/sharpness-of-katana\/","og_site_name":"\u5a01\u98a8 Ifu - The Authentic Katana","article_publisher":"https:\/\/www.facebook.com\/people\/Ifu-The-Authentic-Katana\/61579072987458\/","article_modified_time":"2026-03-24T08:13:26+00:00","og_image":[{"width":1024,"height":683,"url":"https:\/\/selected-japanese-swords.com\/ifu-fr\/wp-content\/uploads\/2025\/07\/mistery-of-sharpness-1024x683.png","type":"image\/png"}],"twitter_card":"summary_large_image","twitter_misc":{"Est. reading time":"4 minutes"},"schema":{"@context":"https:\/\/schema.org","@graph":[{"@type":"WebPage","@id":"https:\/\/selected-japanese-swords.com\/ifu-fr\/sharpness-of-katana\/","url":"https:\/\/selected-japanese-swords.com\/ifu-fr\/sharpness-of-katana\/","name":"Le Myst\u00e8re du Tranchant du Katana Authentique - \u5a01\u98a8 Ifu - The Authentic Katana","isPartOf":{"@id":"https:\/\/selected-japanese-swords.com\/ifu-fr\/#website"},"primaryImageOfPage":{"@id":"https:\/\/selected-japanese-swords.com\/ifu-fr\/sharpness-of-katana\/#primaryimage"},"image":{"@id":"https:\/\/selected-japanese-swords.com\/ifu-fr\/sharpness-of-katana\/#primaryimage"},"thumbnailUrl":"https:\/\/selected-japanese-swords.com\/ifu-fr\/wp-content\/uploads\/2025\/07\/mistery-of-sharpness-1024x683.png","datePublished":"2025-04-01T10:01:42+00:00","dateModified":"2026-03-24T08:13:26+00:00","breadcrumb":{"@id":"https:\/\/selected-japanese-swords.com\/ifu-fr\/sharpness-of-katana\/#breadcrumb"},"inLanguage":"en-US","potentialAction":[{"@type":"ReadAction","target":["https:\/\/selected-japanese-swords.com\/ifu-fr\/sharpness-of-katana\/"]}]},{"@type":"ImageObject","inLanguage":"en-US","@id":"https:\/\/selected-japanese-swords.com\/ifu-fr\/sharpness-of-katana\/#primaryimage","url":"https:\/\/selected-japanese-swords.com\/ifu-fr\/wp-content\/uploads\/2025\/07\/mistery-of-sharpness.png","contentUrl":"https:\/\/selected-japanese-swords.com\/ifu-fr\/wp-content\/uploads\/2025\/07\/mistery-of-sharpness.png","width":1536,"height":1024},{"@type":"BreadcrumbList","@id":"https:\/\/selected-japanese-swords.com\/ifu-fr\/sharpness-of-katana\/#breadcrumb","itemListElement":[{"@type":"ListItem","position":1,"name":"Home","item":"https:\/\/selected-japanese-swords.com\/ifu-fr\/"},{"@type":"ListItem","position":2,"name":"Le Myst\u00e8re du Tranchant du Katana Authentique"}]},{"@type":"WebSite","@id":"https:\/\/selected-japanese-swords.com\/ifu-fr\/#website","url":"https:\/\/selected-japanese-swords.com\/ifu-fr\/","name":"\u5a01\u98a8 Ifu - The Authentic Katana","description":"real antique katana from Japan","publisher":{"@id":"https:\/\/selected-japanese-swords.com\/ifu-fr\/#organization"},"potentialAction":[{"@type":"SearchAction","target":{"@type":"EntryPoint","urlTemplate":"https:\/\/selected-japanese-swords.com\/ifu-fr\/?s={search_term_string}"},"query-input":{"@type":"PropertyValueSpecification","valueRequired":true,"valueName":"search_term_string"}}],"inLanguage":"en-US"},{"@type":"Organization","@id":"https:\/\/selected-japanese-swords.com\/ifu-fr\/#organization","name":"\u5a01\u98a8 Ifu","url":"https:\/\/selected-japanese-swords.com\/ifu-fr\/","logo":{"@type":"ImageObject","inLanguage":"en-US","@id":"https:\/\/selected-japanese-swords.com\/ifu-fr\/#\/schema\/logo\/image\/","url":"https:\/\/selected-japanese-swords.com\/ifu-fr\/wp-content\/uploads\/2025\/12\/logo-yoko2-badk.png","contentUrl":"https:\/\/selected-japanese-swords.com\/ifu-fr\/wp-content\/uploads\/2025\/12\/logo-yoko2-badk.png","width":800,"height":200,"caption":"\u5a01\u98a8 Ifu"},"image":{"@id":"https:\/\/selected-japanese-swords.com\/ifu-fr\/#\/schema\/logo\/image\/"},"sameAs":["https:\/\/www.facebook.com\/people\/Ifu-The-Authentic-Katana\/61579072987458\/","https:\/\/www.instagram.com\/ifu_the_authentic_katana\/"]}]}},"_links":{"self":[{"href":"https:\/\/selected-japanese-swords.com\/ifu-fr\/wp-json\/wp\/v2\/pages\/1796","targetHints":{"allow":["GET"]}}],"collection":[{"href":"https:\/\/selected-japanese-swords.com\/ifu-fr\/wp-json\/wp\/v2\/pages"}],"about":[{"href":"https:\/\/selected-japanese-swords.com\/ifu-fr\/wp-json\/wp\/v2\/types\/page"}],"author":[{"embeddable":true,"href":"https:\/\/selected-japanese-swords.com\/ifu-fr\/wp-json\/wp\/v2\/users\/1"}],"replies":[{"embeddable":true,"href":"https:\/\/selected-japanese-swords.com\/ifu-fr\/wp-json\/wp\/v2\/comments?post=1796"}],"version-history":[{"count":14,"href":"https:\/\/selected-japanese-swords.com\/ifu-fr\/wp-json\/wp\/v2\/pages\/1796\/revisions"}],"predecessor-version":[{"id":4442,"href":"https:\/\/selected-japanese-swords.com\/ifu-fr\/wp-json\/wp\/v2\/pages\/1796\/revisions\/4442"}],"wp:attachment":[{"href":"https:\/\/selected-japanese-swords.com\/ifu-fr\/wp-json\/wp\/v2\/media?parent=1796"}],"curies":[{"name":"wp","href":"https:\/\/api.w.org\/{rel}","templated":true}]}}