{"id":1796,"date":"2025-04-01T19:01:42","date_gmt":"2025-04-01T10:01:42","guid":{"rendered":"https:\/\/selected-japanese-swords.com\/?page_id=1796"},"modified":"2026-03-19T18:16:14","modified_gmt":"2026-03-19T09:16:14","slug":"sharpness-of-katana","status":"publish","type":"page","link":"https:\/\/selected-japanese-swords.com\/ifu-de\/sharpness-of-katana\/","title":{"rendered":"Das Geheimnis der Sch\u00e4rfe des authentischen Katana"},"content":{"rendered":"\n<div class=\"wp-block-cover\"><img fetchpriority=\"high\" decoding=\"async\" width=\"1024\" height=\"683\" class=\"wp-block-cover__image-background wp-image-4070\" alt=\"\" src=\"https:\/\/selected-japanese-swords.com\/ifu-de\/wp-content\/uploads\/2025\/07\/mistery-of-sharpness-1024x683.png\" data-object-fit=\"cover\" srcset=\"https:\/\/selected-japanese-swords.com\/ifu-de\/wp-content\/uploads\/2025\/07\/mistery-of-sharpness-1024x683.png 1024w, https:\/\/selected-japanese-swords.com\/ifu-de\/wp-content\/uploads\/2025\/07\/mistery-of-sharpness-300x200.png 300w, https:\/\/selected-japanese-swords.com\/ifu-de\/wp-content\/uploads\/2025\/07\/mistery-of-sharpness-768x512.png 768w, https:\/\/selected-japanese-swords.com\/ifu-de\/wp-content\/uploads\/2025\/07\/mistery-of-sharpness-1200x800.png 1200w, https:\/\/selected-japanese-swords.com\/ifu-de\/wp-content\/uploads\/2025\/07\/mistery-of-sharpness.png 1536w\" sizes=\"(max-width: 1024px) 100vw, 1024px\" \/><span aria-hidden=\"true\" class=\"wp-block-cover__background has-background-dim\"><\/span><div class=\"wp-block-cover__inner-container is-layout-flow wp-block-cover-is-layout-flow\">\n<p class=\"has-text-align-center has-large-font-size\">Das Geheimnis der Sch\u00e4rfe des authentischen Katana<\/p>\n<\/div><\/div>\n\n\n\n<p><br><br><\/p>\n\n\n\n<p>Die meisten Menschen haben irgendwann in ihrem Leben eine Klinge benutzt, um etwas zu schneiden.<\/p>\n\n\n\n<p>Doch nur sehr wenige verstehen wirklich die physikalischen Prinzipien, die dem Schneiden mit einer Klinge zugrunde liegen.<\/p>\n\n\n\n<p>Dasselbe gilt f\u00fcr das Konzept der Sch\u00e4rfe.<\/p>\n\n\n\n<p>Wir sagen oft Dinge wie \u201eDieses K\u00fcchenmesser schneidet gut&#8221; oder \u201eDiese Schere schneidet nicht sauber&#8221;, aber nur wenige k\u00f6nnen erkl\u00e4ren, <em>warum<\/em> sie sich so verhalten.<\/p>\n\n\n\n<p>Sch\u00e4rfe wurde traditionell als eine Frage des pers\u00f6nlichen Gef\u00fchls behandelt \u2013 etwas Subjektives und Vages.<\/p>\n\n\n\n<p>Genau deshalb m\u00f6chten wir in diesem Artikel die <em>Wissenschaft<\/em> hinter der Sch\u00e4rfe erkunden und untersuchen, was ein japanisches Schwert wirklich so au\u00dfergew\u00f6hnlich macht.<\/p>\n\n\n\n<p><br><\/p>\n\n\n\n<h2 class=\"wp-block-heading\">Was bestimmt die Sch\u00e4rfe? Die Theorie des Schneidens<\/h2>\n\n\n\n<h3 class=\"wp-block-heading\">Zwei Arten zu schneiden<\/h3>\n\n\n\n<p>Wenn wir \u00fcber das \u201eSchneiden&#8221; von etwas sprechen, gibt es grunds\u00e4tzlich zwei verschiedene Techniken: <strong>Druckschneiden<\/strong> und <strong>Zugschneiden<\/strong>.<\/p>\n\n\n\n<p>Druckschneiden ist eine einfache Methode \u2013 die Klinge wird einfach in das Material hineingedr\u00fcckt.<\/p>\n\n\n\n<p>Zugschneiden hingegen bedeutet, die Klinge zun\u00e4chst gegen das Material zu dr\u00fccken und sie dann horizontal zu bewegen, w\u00e4hrend der Kontakt aufrechterhalten wird.<\/p>\n\n\n\n<p>Jeder, der schon einmal ein Messer benutzt hat, wei\u00df aus Erfahrung, dass diese Schnittbewegung das Schneiden erheblich erleichtert.<\/p>\n\n\n\n<p><br><\/p>\n\n\n<div class=\"wp-block-image\">\n<figure class=\"aligncenter size-full\"><img decoding=\"async\" width=\"498\" height=\"413\" src=\"https:\/\/selected-japanese-swords.com\/ifu-de\/wp-content\/uploads\/2025\/04\/sk-sharpness2.png\" alt=\"\" class=\"wp-image-1890\" srcset=\"https:\/\/selected-japanese-swords.com\/ifu-de\/wp-content\/uploads\/2025\/04\/sk-sharpness2.png 498w, https:\/\/selected-japanese-swords.com\/ifu-de\/wp-content\/uploads\/2025\/04\/sk-sharpness2-300x249.png 300w, https:\/\/selected-japanese-swords.com\/ifu-de\/wp-content\/uploads\/2025\/04\/sk-sharpness2-454x377.png 454w\" sizes=\"(max-width: 498px) 100vw, 498px\" \/><figcaption class=\"wp-element-caption\">Kenichi Kanazawa(2004). Tribology in Cutting Ability of Knife<\/figcaption><\/figure>\n<\/div>\n\n\n<p><br>Dieser Graph zeigt die Beziehung zwischen Schnittkraft und Distanz beim Schneiden einer S\u00fc\u00dfkartoffelprobe mit einem K\u00fcchenmesser.<\/p>\n\n\n\n<p>Im Vergleich zum <strong>Druckschneiden<\/strong> reduziert die Schnittbewegung beim <strong>Zugschneiden<\/strong>\uff08zwischen den Punkten A und B\uff09die erforderliche Kraft erheblich.<\/p>\n\n\n\n<p>Obwohl die genaue Kraftreduzierung je nach Material variiert, haben Studien gezeigt, dass <strong>Zugschneiden nur 1\/10 bis 1\/20 der beim Druckschneiden erforderlichen Kraft ben\u00f6tigt<\/strong>.<\/p>\n\n\n\n<p><br><\/p>\n\n\n\n<h3 class=\"wp-block-heading\">Die Beziehung zwischen Schnittgeschwindigkeit und Schnittkraft<\/h3>\n\n\n\n<p>Als n\u00e4chstes betrachten wir die Beziehung zwischen <strong>Schnittgeschwindigkeit<\/strong> und <strong>Schnittkraft<\/strong>.<\/p>\n\n\n\n<p>Die Schlussfolgerung klingt vertraut: <strong>Je schneller Sie schneiden, desto leichter wird es, das Material zu durchtrennen<\/strong>.<\/p>\n\n\n\n<p><br><\/p>\n\n\n<div class=\"wp-block-image\">\n<figure class=\"aligncenter size-full\"><img decoding=\"async\" width=\"647\" height=\"470\" src=\"https:\/\/selected-japanese-swords.com\/ifu-de\/wp-content\/uploads\/2025\/04\/sk-sharpness3.png\" alt=\"\" class=\"wp-image-1906\" srcset=\"https:\/\/selected-japanese-swords.com\/ifu-de\/wp-content\/uploads\/2025\/04\/sk-sharpness3.png 647w, https:\/\/selected-japanese-swords.com\/ifu-de\/wp-content\/uploads\/2025\/04\/sk-sharpness3-300x218.png 300w, https:\/\/selected-japanese-swords.com\/ifu-de\/wp-content\/uploads\/2025\/04\/sk-sharpness3-454x330.png 454w\" sizes=\"(max-width: 647px) 100vw, 647px\" \/><figcaption class=\"wp-element-caption\">Kenichi KANAZAWA, Li Ying, SHI In and Chikahide KOIZUMI (1996). Study on Cutting by a Knife-edged Cutter (1st Report)<\/figcaption><\/figure>\n<\/div>\n\n\n<p>Dieser Graph zeigt die Ergebnisse von Schnittversuchen, die bei verschiedenen Schnittgeschwindigkeiten durchgef\u00fchrt wurden.<\/p>\n\n\n\n<p>Mit zunehmender Geschwindigkeit nimmt die erforderliche Schnittkraft deutlich ab.<\/p>\n\n\n\n<p>Der Grund daf\u00fcr ist, dass <strong>h\u00f6here Schnittgeschwindigkeiten die Verformungszone in der N\u00e4he des Kontaktbereichs zwischen Klinge und Material reduzieren<\/strong>.<\/p>\n\n\n\n<p>Durch die Kombination von <strong>Zugschneiden<\/strong> mit <strong>hoher Schnittgeschwindigkeit<\/strong> wird es m\u00f6glich, Materialien zu durchtrennen, die sonst schwer zu schneiden w\u00e4ren.<\/p>\n\n\n\n<p>In Kampfkunstvorf\u00fchrungen, bei denen Meister japanische Schwerter verwenden, um <em>Makiwara<\/em>\uff08gerollte Strohmatten\uff09zu schneiden, ist es genau diese perfekte Kombination aus Geschwindigkeit und Pr\u00e4zision, die den sauberen Schnitt erm\u00f6glicht.<\/p>\n\n\n\n<p><br><\/p>\n\n\n\n<h3 class=\"wp-block-heading\">Was bestimmt <em>wirklich<\/em> die Sch\u00e4rfe?<\/h3>\n\n\n\n<p>Also \u2013 <strong>was genau bestimmt die Sch\u00e4rfe einer Klinge wie dem Katana?<\/strong><\/p>\n\n\n\n<p>Lassen Sie uns nun zum Kern der Sache kommen.<\/p>\n\n\n\n<p>Was passiert wirklich in dem Moment, in dem ein Material geschnitten wird?<\/p>\n\n\n\n<p>Wir k\u00f6nnen dies verstehen, indem wir ein vereinfachtes <strong>mechanisches Modell<\/strong> des Schneidvorgangs betrachten.<\/p>\n\n\n\n<p><br><\/p>\n\n\n\n<figure class=\"wp-block-image size-full\"><img loading=\"lazy\" decoding=\"async\" width=\"1206\" height=\"562\" src=\"https:\/\/selected-japanese-swords.com\/ifu-de\/wp-content\/uploads\/2025\/04\/Figure1.png\" alt=\"\" class=\"wp-image-1825\" srcset=\"https:\/\/selected-japanese-swords.com\/ifu-de\/wp-content\/uploads\/2025\/04\/Figure1.png 1206w, https:\/\/selected-japanese-swords.com\/ifu-de\/wp-content\/uploads\/2025\/04\/Figure1-1200x559.png 1200w, https:\/\/selected-japanese-swords.com\/ifu-de\/wp-content\/uploads\/2025\/04\/Figure1-300x140.png 300w, https:\/\/selected-japanese-swords.com\/ifu-de\/wp-content\/uploads\/2025\/04\/Figure1-1024x477.png 1024w, https:\/\/selected-japanese-swords.com\/ifu-de\/wp-content\/uploads\/2025\/04\/Figure1-768x358.png 768w\" sizes=\"(max-width: 1206px) 100vw, 1206px\" \/><figcaption class=\"wp-element-caption\">Kenichi Kanazawa(2004). Tribology in Cutting Ability of Knife<\/figcaption><\/figure>\n\n\n\n<p><br><\/p>\n\n\n\n<p>Zun\u00e4chst wird die Klinge gegen das Material gedr\u00fcckt, wodurch\uff081\uff09<em>Schnittkraft<\/em> entsteht. Dann, wenn die Klinge vorw\u00e4rts gleitet, entsteht\uff082\uff09<em>Reibungskraft<\/em> am Kontaktpunkt zwischen Klinge und Material. Diese beiden Spannungen zusammen erzeugen eine erhebliche\uff083\uff09<em>Trennkraft<\/em> senkrecht zur Schnittfl\u00e4che. Wenn diese Zugspannung die Zugfestigkeit des Materials \u00fcberschreitet, bricht das Material auseinander.<\/p>\n\n\n\n<p><br><\/p>\n\n\n\n<p>Mit anderen Worten: Schneiden ist nicht einfach das Ergebnis des Auseinanderzwingens des Materials mit einer scharfen Kante \u2013 vielmehr ist es ein Ph\u00e4nomen, bei dem <strong>das Material \u201esich entscheidet auseinanderzubrechen&#8221;<\/strong>, weil die innere Trennkraft seine eigene St\u00e4rke \u00fcberschreitet.<\/p>\n\n\n\n<p><br><\/p>\n\n\n\n<p>Wie wir gesehen haben, ist der <strong>Reibungskoeffizient<\/strong> tats\u00e4chlich wichtiger f\u00fcr die Sch\u00e4rfe als die Sch\u00e4rfe der Klinge selbst. Obwohl es so aussehen mag, als w\u00fcrde die Klingensch\u00e4rfe keine Rolle spielen, ist dies nicht ganz der Fall. Eine sch\u00e4rfere Kante verbessert tats\u00e4chlich das Schneiderlebnis \u2013 weil sie die Verformungszone reduziert und insgesamt weniger Kraft erfordert, um dasselbe Ergebnis zu erzielen.<\/p>\n\n\n\n<p><br><br><br><\/p>\n\n\n\n<h2 class=\"wp-block-heading\">Quellenangaben<\/h2>\n\n\n\n<p>Takashi KAMOSHITA, Hiroshi YANO, Kenichi TANAKA (1979). Quantification of Sensuous Sharpness of Kitchen Knives<\/p>\n\n\n\n<p id=\"block-8401b015-9519-4d2e-92b5-77cd6d8cce6d\">Kenichi KANAZAWA, Li Ying, SHI In and Chikahide KOIZUMI (1996). Study on Cutting by a Knife-edged Cutter (1st Report)<\/p>\n\n\n\n<p>Takekazu Taguchi (1999). Why Knives can Cut<\/p>\n\n\n\n<p>Kenichi Kanazawa(2004). Tribology in Cutting Ability of Knife<\/p>\n\n\n\n<p><\/p>\n","protected":false},"excerpt":{"rendered":"<p>Die meisten Menschen haben irgendwann in ihrem Leben eine Klinge benutzt, um etwas zu schneiden. Doch nur sehr wenige verstehen wirklich die physikalischen Prinzipien, die dem Schneiden mit einer Klinge zugrunde liegen. Dasselbe gilt f\u00fcr das Konzept der Sch\u00e4rfe. Wir sagen oft Dinge wie \u201eDieses K\u00fcchenmesser schneidet gut&#8221; oder \u201eDiese Schere schneidet nicht sauber&#8221;, aber [&hellip;]<\/p>\n","protected":false},"author":1,"featured_media":0,"parent":0,"menu_order":0,"comment_status":"closed","ping_status":"closed","template":"","meta":{"ocean_post_layout":"","ocean_both_sidebars_style":"","ocean_both_sidebars_content_width":0,"ocean_both_sidebars_sidebars_width":0,"ocean_sidebar":"","ocean_second_sidebar":"","ocean_disable_margins":"enable","ocean_add_body_class":"","ocean_shortcode_before_top_bar":"","ocean_shortcode_after_top_bar":"","ocean_shortcode_before_header":"","ocean_shortcode_after_header":"","ocean_has_shortcode":"","ocean_shortcode_after_title":"","ocean_shortcode_before_footer_widgets":"","ocean_shortcode_after_footer_widgets":"","ocean_shortcode_before_footer_bottom":"","ocean_shortcode_after_footer_bottom":"","ocean_display_top_bar":"default","ocean_display_header":"default","ocean_header_style":"","ocean_center_header_left_menu":"","ocean_custom_header_template":"","ocean_custom_logo":0,"ocean_custom_retina_logo":0,"ocean_custom_logo_max_width":0,"ocean_custom_logo_tablet_max_width":0,"ocean_custom_logo_mobile_max_width":0,"ocean_custom_logo_max_height":0,"ocean_custom_logo_tablet_max_height":0,"ocean_custom_logo_mobile_max_height":0,"ocean_header_custom_menu":"","ocean_menu_typo_font_family":"","ocean_menu_typo_font_subset":"","ocean_menu_typo_font_size":0,"ocean_menu_typo_font_size_tablet":0,"ocean_menu_typo_font_size_mobile":0,"ocean_menu_typo_font_size_unit":"px","ocean_menu_typo_font_weight":"","ocean_menu_typo_font_weight_tablet":"","ocean_menu_typo_font_weight_mobile":"","ocean_menu_typo_transform":"","ocean_menu_typo_transform_tablet":"","ocean_menu_typo_transform_mobile":"","ocean_menu_typo_line_height":0,"ocean_menu_typo_line_height_tablet":0,"ocean_menu_typo_line_height_mobile":0,"ocean_menu_typo_line_height_unit":"","ocean_menu_typo_spacing":0,"ocean_menu_typo_spacing_tablet":0,"ocean_menu_typo_spacing_mobile":0,"ocean_menu_typo_spacing_unit":"","ocean_menu_link_color":"","ocean_menu_link_color_hover":"","ocean_menu_link_color_active":"","ocean_menu_link_background":"","ocean_menu_link_hover_background":"","ocean_menu_link_active_background":"","ocean_menu_social_links_bg":"","ocean_menu_social_hover_links_bg":"","ocean_menu_social_links_color":"","ocean_menu_social_hover_links_color":"","ocean_disable_title":"default","ocean_disable_heading":"default","ocean_post_title":"","ocean_post_subheading":"","ocean_post_title_style":"","ocean_post_title_background_color":"","ocean_post_title_background":0,"ocean_post_title_bg_image_position":"","ocean_post_title_bg_image_attachment":"","ocean_post_title_bg_image_repeat":"","ocean_post_title_bg_image_size":"","ocean_post_title_height":0,"ocean_post_title_bg_overlay":0.5,"ocean_post_title_bg_overlay_color":"","ocean_disable_breadcrumbs":"default","ocean_breadcrumbs_color":"","ocean_breadcrumbs_separator_color":"","ocean_breadcrumbs_links_color":"","ocean_breadcrumbs_links_hover_color":"","ocean_display_footer_widgets":"default","ocean_display_footer_bottom":"default","ocean_custom_footer_template":"","omw_enable_modal_window":"enable","ofc_meta_disable_footer_callout":"","ofc_meta_callout_button_url":"","ofc_meta_callout_button_txt":"","ofc_meta_callout_text":"","osh_disable_topbar_sticky":"default","osh_disable_header_sticky":"default","osh_sticky_header_style":"default","osh_sticky_header_effect":"","osh_custom_sticky_logo":0,"osh_custom_retina_sticky_logo":0,"osh_custom_sticky_logo_height":0,"osh_background_color":"","osh_links_color":"","osh_links_hover_color":"","osh_links_active_color":"","osh_links_bg_color":"","osh_links_hover_bg_color":"","osh_links_active_bg_color":"","osh_menu_social_links_color":"","osh_menu_social_hover_links_color":"","footnotes":""},"class_list":["post-1796","page","type-page","status-publish","hentry","entry","owp-thumbs-layout-horizontal","owp-btn-big","owp-tabs-layout-horizontal","has-no-thumbnails","has-product-nav"],"yoast_head":"<!-- This site is optimized with the Yoast SEO plugin v27.3 - https:\/\/yoast.com\/product\/yoast-seo-wordpress\/ -->\n<title>Das Geheimnis der Sch\u00e4rfe des authentischen Katana - \u5a01\u98a8 Ifu - Das authentische Katana<\/title>\n<meta name=\"robots\" content=\"index, follow, max-snippet:-1, max-image-preview:large, max-video-preview:-1\" \/>\n<link rel=\"canonical\" href=\"https:\/\/selected-japanese-swords.com\/ifu-de\/sharpness-of-katana\/\" \/>\n<meta property=\"og:locale\" content=\"en_US\" \/>\n<meta property=\"og:type\" content=\"article\" \/>\n<meta property=\"og:title\" content=\"Das Geheimnis der Sch\u00e4rfe des authentischen Katana - \u5a01\u98a8 Ifu - Das authentische Katana\" \/>\n<meta property=\"og:description\" content=\"Die meisten Menschen haben irgendwann in ihrem Leben eine Klinge benutzt, um etwas zu schneiden. Doch nur sehr wenige verstehen wirklich die physikalischen Prinzipien, die dem Schneiden mit einer Klinge zugrunde liegen. Dasselbe gilt f\u00fcr das Konzept der Sch\u00e4rfe. Wir sagen oft Dinge wie \u201eDieses K\u00fcchenmesser schneidet gut&#8221; oder \u201eDiese Schere schneidet nicht sauber&#8221;, aber [&hellip;]\" \/>\n<meta property=\"og:url\" content=\"https:\/\/selected-japanese-swords.com\/ifu-de\/sharpness-of-katana\/\" \/>\n<meta property=\"og:site_name\" content=\"\u5a01\u98a8 Ifu - Das authentische Katana\" \/>\n<meta property=\"article:publisher\" content=\"https:\/\/www.facebook.com\/people\/Ifu-The-Authentic-Katana\/61579072987458\/\" \/>\n<meta property=\"article:modified_time\" content=\"2026-03-19T09:16:14+00:00\" \/>\n<meta property=\"og:image\" content=\"https:\/\/selected-japanese-swords.com\/ifu-de\/wp-content\/uploads\/2025\/07\/mistery-of-sharpness-1024x683.png\" \/>\n\t<meta property=\"og:image:width\" content=\"1024\" \/>\n\t<meta property=\"og:image:height\" content=\"683\" \/>\n\t<meta property=\"og:image:type\" content=\"image\/png\" \/>\n<meta name=\"twitter:card\" content=\"summary_large_image\" \/>\n<meta name=\"twitter:label1\" content=\"Est. reading time\" \/>\n\t<meta name=\"twitter:data1\" content=\"3 minutes\" \/>\n<script type=\"application\/ld+json\" class=\"yoast-schema-graph\">{\"@context\":\"https:\\\/\\\/schema.org\",\"@graph\":[{\"@type\":\"WebPage\",\"@id\":\"https:\\\/\\\/selected-japanese-swords.com\\\/ifu-de\\\/sharpness-of-katana\\\/\",\"url\":\"https:\\\/\\\/selected-japanese-swords.com\\\/ifu-de\\\/sharpness-of-katana\\\/\",\"name\":\"Das Geheimnis der Sch\u00e4rfe des authentischen Katana - \u5a01\u98a8 Ifu - Das authentische Katana\",\"isPartOf\":{\"@id\":\"https:\\\/\\\/selected-japanese-swords.com\\\/ifu-de\\\/#website\"},\"primaryImageOfPage\":{\"@id\":\"https:\\\/\\\/selected-japanese-swords.com\\\/ifu-de\\\/sharpness-of-katana\\\/#primaryimage\"},\"image\":{\"@id\":\"https:\\\/\\\/selected-japanese-swords.com\\\/ifu-de\\\/sharpness-of-katana\\\/#primaryimage\"},\"thumbnailUrl\":\"https:\\\/\\\/selected-japanese-swords.com\\\/ifu-de\\\/wp-content\\\/uploads\\\/2025\\\/07\\\/mistery-of-sharpness-1024x683.png\",\"datePublished\":\"2025-04-01T10:01:42+00:00\",\"dateModified\":\"2026-03-19T09:16:14+00:00\",\"breadcrumb\":{\"@id\":\"https:\\\/\\\/selected-japanese-swords.com\\\/ifu-de\\\/sharpness-of-katana\\\/#breadcrumb\"},\"inLanguage\":\"en-US\",\"potentialAction\":[{\"@type\":\"ReadAction\",\"target\":[\"https:\\\/\\\/selected-japanese-swords.com\\\/ifu-de\\\/sharpness-of-katana\\\/\"]}]},{\"@type\":\"ImageObject\",\"inLanguage\":\"en-US\",\"@id\":\"https:\\\/\\\/selected-japanese-swords.com\\\/ifu-de\\\/sharpness-of-katana\\\/#primaryimage\",\"url\":\"https:\\\/\\\/selected-japanese-swords.com\\\/ifu-de\\\/wp-content\\\/uploads\\\/2025\\\/07\\\/mistery-of-sharpness.png\",\"contentUrl\":\"https:\\\/\\\/selected-japanese-swords.com\\\/ifu-de\\\/wp-content\\\/uploads\\\/2025\\\/07\\\/mistery-of-sharpness.png\",\"width\":1536,\"height\":1024},{\"@type\":\"BreadcrumbList\",\"@id\":\"https:\\\/\\\/selected-japanese-swords.com\\\/ifu-de\\\/sharpness-of-katana\\\/#breadcrumb\",\"itemListElement\":[{\"@type\":\"ListItem\",\"position\":1,\"name\":\"Home\",\"item\":\"https:\\\/\\\/selected-japanese-swords.com\\\/ifu-de\\\/\"},{\"@type\":\"ListItem\",\"position\":2,\"name\":\"Das Geheimnis der Sch\u00e4rfe des authentischen Katana\"}]},{\"@type\":\"WebSite\",\"@id\":\"https:\\\/\\\/selected-japanese-swords.com\\\/ifu-de\\\/#website\",\"url\":\"https:\\\/\\\/selected-japanese-swords.com\\\/ifu-de\\\/\",\"name\":\"\u5a01\u98a8 Ifu - Das authentische Katana\",\"description\":\"Echte antike Katanas aus Japan\",\"publisher\":{\"@id\":\"https:\\\/\\\/selected-japanese-swords.com\\\/ifu-de\\\/#organization\"},\"potentialAction\":[{\"@type\":\"SearchAction\",\"target\":{\"@type\":\"EntryPoint\",\"urlTemplate\":\"https:\\\/\\\/selected-japanese-swords.com\\\/ifu-de\\\/?s={search_term_string}\"},\"query-input\":{\"@type\":\"PropertyValueSpecification\",\"valueRequired\":true,\"valueName\":\"search_term_string\"}}],\"inLanguage\":\"en-US\"},{\"@type\":\"Organization\",\"@id\":\"https:\\\/\\\/selected-japanese-swords.com\\\/ifu-de\\\/#organization\",\"name\":\"\u5a01\u98a8 Ifu\",\"url\":\"https:\\\/\\\/selected-japanese-swords.com\\\/ifu-de\\\/\",\"logo\":{\"@type\":\"ImageObject\",\"inLanguage\":\"en-US\",\"@id\":\"https:\\\/\\\/selected-japanese-swords.com\\\/ifu-de\\\/#\\\/schema\\\/logo\\\/image\\\/\",\"url\":\"https:\\\/\\\/selected-japanese-swords.com\\\/ifu-de\\\/wp-content\\\/uploads\\\/2025\\\/12\\\/logo-yoko2-badk.png\",\"contentUrl\":\"https:\\\/\\\/selected-japanese-swords.com\\\/ifu-de\\\/wp-content\\\/uploads\\\/2025\\\/12\\\/logo-yoko2-badk.png\",\"width\":800,\"height\":200,\"caption\":\"\u5a01\u98a8 Ifu\"},\"image\":{\"@id\":\"https:\\\/\\\/selected-japanese-swords.com\\\/ifu-de\\\/#\\\/schema\\\/logo\\\/image\\\/\"},\"sameAs\":[\"https:\\\/\\\/www.facebook.com\\\/people\\\/Ifu-The-Authentic-Katana\\\/61579072987458\\\/\",\"https:\\\/\\\/www.instagram.com\\\/ifu_the_authentic_katana\\\/\"]}]}<\/script>\n<!-- \/ Yoast SEO plugin. -->","yoast_head_json":{"title":"Das Geheimnis der Sch\u00e4rfe des authentischen Katana - \u5a01\u98a8 Ifu - Das authentische Katana","robots":{"index":"index","follow":"follow","max-snippet":"max-snippet:-1","max-image-preview":"max-image-preview:large","max-video-preview":"max-video-preview:-1"},"canonical":"https:\/\/selected-japanese-swords.com\/ifu-de\/sharpness-of-katana\/","og_locale":"en_US","og_type":"article","og_title":"Das Geheimnis der Sch\u00e4rfe des authentischen Katana - \u5a01\u98a8 Ifu - Das authentische Katana","og_description":"Die meisten Menschen haben irgendwann in ihrem Leben eine Klinge benutzt, um etwas zu schneiden. Doch nur sehr wenige verstehen wirklich die physikalischen Prinzipien, die dem Schneiden mit einer Klinge zugrunde liegen. Dasselbe gilt f\u00fcr das Konzept der Sch\u00e4rfe. Wir sagen oft Dinge wie \u201eDieses K\u00fcchenmesser schneidet gut&#8221; oder \u201eDiese Schere schneidet nicht sauber&#8221;, aber [&hellip;]","og_url":"https:\/\/selected-japanese-swords.com\/ifu-de\/sharpness-of-katana\/","og_site_name":"\u5a01\u98a8 Ifu - Das authentische Katana","article_publisher":"https:\/\/www.facebook.com\/people\/Ifu-The-Authentic-Katana\/61579072987458\/","article_modified_time":"2026-03-19T09:16:14+00:00","og_image":[{"width":1024,"height":683,"url":"https:\/\/selected-japanese-swords.com\/ifu-de\/wp-content\/uploads\/2025\/07\/mistery-of-sharpness-1024x683.png","type":"image\/png"}],"twitter_card":"summary_large_image","twitter_misc":{"Est. reading time":"3 minutes"},"schema":{"@context":"https:\/\/schema.org","@graph":[{"@type":"WebPage","@id":"https:\/\/selected-japanese-swords.com\/ifu-de\/sharpness-of-katana\/","url":"https:\/\/selected-japanese-swords.com\/ifu-de\/sharpness-of-katana\/","name":"Das Geheimnis der Sch\u00e4rfe des authentischen Katana - \u5a01\u98a8 Ifu - Das authentische Katana","isPartOf":{"@id":"https:\/\/selected-japanese-swords.com\/ifu-de\/#website"},"primaryImageOfPage":{"@id":"https:\/\/selected-japanese-swords.com\/ifu-de\/sharpness-of-katana\/#primaryimage"},"image":{"@id":"https:\/\/selected-japanese-swords.com\/ifu-de\/sharpness-of-katana\/#primaryimage"},"thumbnailUrl":"https:\/\/selected-japanese-swords.com\/ifu-de\/wp-content\/uploads\/2025\/07\/mistery-of-sharpness-1024x683.png","datePublished":"2025-04-01T10:01:42+00:00","dateModified":"2026-03-19T09:16:14+00:00","breadcrumb":{"@id":"https:\/\/selected-japanese-swords.com\/ifu-de\/sharpness-of-katana\/#breadcrumb"},"inLanguage":"en-US","potentialAction":[{"@type":"ReadAction","target":["https:\/\/selected-japanese-swords.com\/ifu-de\/sharpness-of-katana\/"]}]},{"@type":"ImageObject","inLanguage":"en-US","@id":"https:\/\/selected-japanese-swords.com\/ifu-de\/sharpness-of-katana\/#primaryimage","url":"https:\/\/selected-japanese-swords.com\/ifu-de\/wp-content\/uploads\/2025\/07\/mistery-of-sharpness.png","contentUrl":"https:\/\/selected-japanese-swords.com\/ifu-de\/wp-content\/uploads\/2025\/07\/mistery-of-sharpness.png","width":1536,"height":1024},{"@type":"BreadcrumbList","@id":"https:\/\/selected-japanese-swords.com\/ifu-de\/sharpness-of-katana\/#breadcrumb","itemListElement":[{"@type":"ListItem","position":1,"name":"Home","item":"https:\/\/selected-japanese-swords.com\/ifu-de\/"},{"@type":"ListItem","position":2,"name":"Das Geheimnis der Sch\u00e4rfe des authentischen Katana"}]},{"@type":"WebSite","@id":"https:\/\/selected-japanese-swords.com\/ifu-de\/#website","url":"https:\/\/selected-japanese-swords.com\/ifu-de\/","name":"\u5a01\u98a8 Ifu - Das authentische Katana","description":"Echte antike Katanas aus Japan","publisher":{"@id":"https:\/\/selected-japanese-swords.com\/ifu-de\/#organization"},"potentialAction":[{"@type":"SearchAction","target":{"@type":"EntryPoint","urlTemplate":"https:\/\/selected-japanese-swords.com\/ifu-de\/?s={search_term_string}"},"query-input":{"@type":"PropertyValueSpecification","valueRequired":true,"valueName":"search_term_string"}}],"inLanguage":"en-US"},{"@type":"Organization","@id":"https:\/\/selected-japanese-swords.com\/ifu-de\/#organization","name":"\u5a01\u98a8 Ifu","url":"https:\/\/selected-japanese-swords.com\/ifu-de\/","logo":{"@type":"ImageObject","inLanguage":"en-US","@id":"https:\/\/selected-japanese-swords.com\/ifu-de\/#\/schema\/logo\/image\/","url":"https:\/\/selected-japanese-swords.com\/ifu-de\/wp-content\/uploads\/2025\/12\/logo-yoko2-badk.png","contentUrl":"https:\/\/selected-japanese-swords.com\/ifu-de\/wp-content\/uploads\/2025\/12\/logo-yoko2-badk.png","width":800,"height":200,"caption":"\u5a01\u98a8 Ifu"},"image":{"@id":"https:\/\/selected-japanese-swords.com\/ifu-de\/#\/schema\/logo\/image\/"},"sameAs":["https:\/\/www.facebook.com\/people\/Ifu-The-Authentic-Katana\/61579072987458\/","https:\/\/www.instagram.com\/ifu_the_authentic_katana\/"]}]}},"_links":{"self":[{"href":"https:\/\/selected-japanese-swords.com\/ifu-de\/wp-json\/wp\/v2\/pages\/1796","targetHints":{"allow":["GET"]}}],"collection":[{"href":"https:\/\/selected-japanese-swords.com\/ifu-de\/wp-json\/wp\/v2\/pages"}],"about":[{"href":"https:\/\/selected-japanese-swords.com\/ifu-de\/wp-json\/wp\/v2\/types\/page"}],"author":[{"embeddable":true,"href":"https:\/\/selected-japanese-swords.com\/ifu-de\/wp-json\/wp\/v2\/users\/1"}],"replies":[{"embeddable":true,"href":"https:\/\/selected-japanese-swords.com\/ifu-de\/wp-json\/wp\/v2\/comments?post=1796"}],"version-history":[{"count":14,"href":"https:\/\/selected-japanese-swords.com\/ifu-de\/wp-json\/wp\/v2\/pages\/1796\/revisions"}],"predecessor-version":[{"id":4452,"href":"https:\/\/selected-japanese-swords.com\/ifu-de\/wp-json\/wp\/v2\/pages\/1796\/revisions\/4452"}],"wp:attachment":[{"href":"https:\/\/selected-japanese-swords.com\/ifu-de\/wp-json\/wp\/v2\/media?parent=1796"}],"curies":[{"name":"wp","href":"https:\/\/api.w.org\/{rel}","templated":true}]}}